uppose 0 = -2*i - 36 + 300. Suppose 2016 = -5014*f + 5056*f. Calculate the greatest common divisor of f and i.
12
Let d = -13742 - -13790. What is the highest common divisor of 326 and d?
2
Let p be (2946*-1)/(-6) + -2. Let f be 2 + -2 + (p - -8). What is the highest common divisor of 71 and f?
71
Suppose 0 = 2*n - n. Suppose 0 = -n*o + 5*o - 265. Let a = 58 - o. Calculate the greatest common divisor of a and 55.
5
Let a(x) = -11*x**2 + 397*x + 64. Let g be a(15). Calculate the highest common divisor of g and 8.
8
Let z = -28 + 27. Let f be (10/(-20))/(z/252). Suppose -f = -11*t + 9*t. Calculate the greatest common factor of t and 7.
7
Let v be ((-24)/(-36))/((-2)/(-759)). Let o be (-60)/15 - (-2 + 1)*47. Suppose 27 = 3*z - 4*x - 26, -z + o = 5*x. What is the greatest common factor of z and v?
23
Suppose 348*f - 896 = 220*f. Suppose -40 - 121 = -a. What is the highest common divisor of a and f?
7
Let m = 549 - -51. Let s = 678 - m. Calculate the highest common factor of s and 6.
6
Suppose -5*y - 7 + 42 = 5*b, -4*y + 3*b = 7. Suppose 3*w = -y*x + 1227, -37*x + 38*x - 607 = 5*w. Calculate the greatest common factor of x and 18.
18
Let k(h) = -h + 1. Let z be k(-6). Let m(w) = -9*w + 18. Let v be m(2). Suppose v = -2*u + 44 + 12. Calculate the greatest common divisor of z and u.
7
Suppose -t + 0 + 27 = -3*p, -39 = 3*p - 5*t. Let a be (-3868)/(-14) - p/(-28). Calculate the greatest common factor of 12 and a.
12
Let b = 247 - -10. Suppose -240 = u - b. What is the highest common divisor of 2 and u?
1
Let u be 26130/(-603)*(-5562)/15. What is the greatest common divisor of 156 and u?
156
Let o(h) = 2*h**2 + 128*h + 795. Let v be o(-59). What is the greatest common divisor of v and 1517?
41
Suppose 0 = 4*v - 4*g + 48 - 224, 4 = g. Let j be ((-21)/(-9))/7*6. Let b(q) = 239*q + 2. Let o be b(j). What is the greatest common divisor of o and v?
48
Suppose -4*b = -9*s + 14*s - 1082, -4*s - 2*b + 862 = 0. Let q = s - 198. What is the greatest common factor of 88 and q?
8
Suppose 0 = 17*n - 23*n - 84. Let l be 254/n - 6/(-42). Let q = l + 20. What is the greatest common divisor of 2 and q?
2
Suppose -a = -5*u - 1460, 4*a - 16*u = -15*u + 5840. Calculate the greatest common factor of 35 and a.
5
Let y = 23 + -8. Let u be ((-540)/1440)/((-2)/16). Suppose 33 + y = u*r. Calculate the highest common factor of r and 48.
16
Let p be 1 - (-20)/((-4)/6*-1). Suppose 26*n = p*n - 25. Suppose n*b - 137 = 53. Calculate the highest common divisor of b and 304.
38
Let l = -5767 - -5783. What is the highest common divisor of l and 144?
16
Let c = -6642 - -7577. What is the greatest common factor of c and 170?
85
Suppose 0*b = -5*b - 10, 60 = 4*n - 2*b. Let w(p) = 9*p - 143. Let o be w(33). Calculate the greatest common factor of n and o.
14
Suppose 4*u - 80 = -u. Let h be 2/(17*11/374). What is the highest common divisor of h and u?
4
Suppose -175*o + 15015 = 254*o. Let d = 75 + 65. Calculate the greatest common factor of o and d.
35
Let y be (-5)/(150/(-684)) - (-1)/5. Suppose -y - 5 = -4*w. Calculate the highest common factor of w and 224.
7
Let x(t) = t**2 - 36*t + 106. Let q be x(30). Let c = q - -245. What is the highest common factor of 114 and c?
57
Suppose -6 = 2*c - 5*s - 39, 2*s = -c - 6. Suppose 462 = c*o - 2*u, 2*o = -4*u + 208 + 28. What is the greatest common factor of 87 and o?
29
Let w be (2 + -4)/(-1 + (-85)/(-90)) + -1. What is the greatest common divisor of w and 14350?
35
Let m be (78/(-3))/(1*6/(-105)). Suppose -2*v - j = 2*v - 142, 0 = -5*v - j + 177. Calculate the greatest common factor of m and v.
35
Let h be (-2)/8 - 74/(-8). Suppose 7*b - 2150 = 3*b - x, 3*b = -2*x + 1615. Suppose b = -55*i + 4002. What is the greatest common factor of i and h?
9
Suppose -88*h + 185798 + 18302 = 31268. Calculate the greatest common divisor of 4 and h.
4
Let h be 14 - (2 + (2 - 7)). Let w be (30856/140)/38 + (-18)/10. Calculate the greatest common factor of w and h.
1
Let t be ((-1964)/10)/((-14)/35) - 3. What is the greatest common divisor of t and 427?
61
Let l be 1/((-2)/(-2)) + 558. Suppose 0 = 2*n - 1134 + 1122, -2*n = 3*m - 141. What is the highest common factor of m and l?
43
Let o = 1619 - 1203. Calculate the highest common factor of o and 117.
13
Let m(d) = 73*d + 269. Let o be m(-4). Let u be -6*3*o/46. What is the highest common factor of 171 and u?
9
Suppose 3*l - 36 = l. Suppose -4*d + 3*k = -1152, -3*d + 9*k - 5*k = -864. What is the highest common factor of l and d?
18
Let f(p) = -p**3 + 6*p**2 - 7*p + 4. Suppose 4 = -134*j + 136*j. Let z be f(j). Calculate the highest common factor of 5 and z.
1
Let j(v) = -v**3 + 9*v**2 - 4*v - 27. Let p be j(8). Suppose -9 = -2*x + p. Suppose -x*o = -105 + 14. Calculate the greatest common factor of o and 65.
13
Let i(v) = -v**3 + 12*v**2 - 86*v + 562. Let g be i(7). Let y(q) = 11*q + 5. Let c be y(7). What is the greatest common divisor of c and g?
41
Suppose 21 = 8*k - 19. Suppose k*q + 3*v = 3*q + 205, -q - 5*v = -113. Calculate the highest common divisor of q and 42.
14
Suppose 2*c + 4 = 20. Let f(x) = 176*x + 304. Let g be f(-1). What is the greatest common divisor of g and c?
8
Suppose -49 + 281 = -4*y. Let k = y + 24. Let h = 58 + k. What is the greatest common factor of 12 and h?
12
Suppose 0 = 6*i + 936 - 792. Let v be 0/((-35)/5) - i. Calculate the highest common factor of v and 15.
3
Suppose -5*t = 1706 + 599. Let v = -189 - t. Suppose 0 = 5*d - w - v, 0 = -2*d + d + 4*w + 62. Calculate the highest common factor of 36 and d.
18
Let r(a) = 4*a**2 + 29*a + 24. Let g be r(-12). Let f(c) = 24*c - 188. Let t be f(9). Calculate the greatest common divisor of g and t.
28
Suppose 2*u + 4 = 0, -4*r + 4*u - 5 + 337 = 0. What is the greatest common factor of 1593 and r?
27
Let h(r) = 8*r + 504. Let m be h(41). Calculate the highest common factor of 320 and m.
64
Let l = 132 + 372. Let d = l + -420. What is the highest common factor of 924 and d?
84
Suppose 460 = 3*i + 4*v, 3*i - 166 - 298 = -5*v. Suppose -4*c + 41 = 3*r - i, -3*c + 140 = 4*r. What is the greatest common divisor of 12 and c?
12
Let p = 20 + -6. Let o(k) = 53*k**3 + k**2 + 2*k - 2. Let v be o(1). Let g be 618/4 + (-27)/v. Calculate the highest common divisor of g and p.
14
Let b(o) be the third derivative of o**6/120 - o**5/20 - o**4/8 + o**3 + 4*o**2. Let u be b(4). Let r = 65 - 15. Calculate the highest common factor of u and r.
10
Let k(n) = 2*n**3 + 2. Let a be k(2). Let w(d) = -33 - d + 4 + 9*d + 2. Let t be w(9). What is the greatest common factor of a and t?
9
Let f be ((-132)/21)/((-2)/7). Let j be (0 + -2 + 6)*1. Suppose -n + 2*t + 2*t = -67, 0 = 2*n - j*t - 122. What is the highest common factor of n and f?
11
Let a = -317 + 308. Let h = a + 124. Calculate the greatest common divisor of h and 69.
23
Let p(o) = 8*o + 4. Let z(d) = 1. Let c(s) = p(s) - 12*z(s). Let w be c(13). Suppose 44*v - 640 = 24*v. What is the highest common factor of w and v?
32
Let w be 22/((4/9)/(44/6)). Calculate the highest common divisor of w and 154.
11
Let r = -17 - -20. Suppose -r*j + 0 + 3 = -i, -i - 35 = 5*j. Let x = 19 + i. Calculate the highest common factor of x and 24.
4
Let q(t) = 2*t**2 + 16*t - 173. Let d be q(33). Calculate the highest common divisor of 1192 and d.
149
Suppose 45*p - 11*p = 6188. What is the greatest common factor of 3367 and p?
91
Suppose -30 - 35 = 13*w. Let u(k) = -k**2 + 7*k + 64. Let s be u(w). What is the greatest common divisor of 124 and s?
4
Let z be ((-75)/(-10))/3*-642*(-1)/5. What is the greatest common factor of 3 and z?
3
Let m be (-282)/(-7) - (-14)/(-49). Let u be -5 + m + 3 - -4. What is the highest common factor of u and 378?
42
Let c(t) = t**2 - 45. Let m be c(-7). Suppose 28 = b - 2*x, 3*b + x = m*b - 24. Suppose -329 = -11*i + 111. What is the highest common divisor of i and b?
20
Suppose 4*v = -16 + 8. Let j = v + 2. Suppose 0*b + 3*b - 1134 = j. Calculate the greatest common divisor of b and 42.
42
Suppose -809 = 12*a - 13*a + 7*t, -5*t = a - 857. Calculate the greatest common divisor of 217 and a.
31
Let p(r) = -12*r + 81. Let q be p(6). Suppose 516 = 4*t + 3*c, -2*t - 2*t + 512 = 2*c. Calculate the greatest common factor of t and q.
9
Let p(u) = -13*u**3 - 5*u**2 - 11*u - 12. Let m be p(-2). Calculate the